2*i + 13 = 2*x + 89, -189 = -5*i + 4*x. Let g = i - 31. List the prime factors of t(g).
241
Let l = 114055 - 81446. List the prime factors of l.
32609
Let u = -247 + 592. Suppose -l - 3*x = -u, -x = -4*l - 0*x + 1380. What are the prime factors of l?
3, 5, 23
What are the prime factors of (-1)/76*-8 + 10988271/171?
13, 4943
Let l = 19 - 19. Suppose 0 = z - l*z + 243. List the prime factors of ((-7)/(-3))/((-9)/z).
3, 7
Let o(p) = 4*p**3 - 19*p**2 + 9*p + 9. Let c be o(9). Suppose 7*i = 3*v + 4*i - c, 4*i + 980 = 2*v. What are the prime factors of v?
2, 61
Let y(b) be the first derivative of b**3/3 - 7*b**2/2 - 5*b + 22. What are the prime factors of y(9)?
13
Let r(s) = 12166*s - 3543. List the prime factors of r(5).
57287
Suppose 0 = -79*j + 20112 + 8565. What are the prime factors of j?
3, 11
Suppose -3*u = -9, 0 = -4*f - u + 288 + 1231. Let d = f - 235. What are the prime factors of d?
2, 3
Suppose 34*z - 214852 = -38*z - 137*z. List the prime factors of z.
2, 257
Suppose -5*q + 9 = -21. Let b(r) = 3*r**3 - 13*r**2 + 8*r + 3. List the prime factors of b(q).
3, 7, 11
Suppose 25 = 4*c + 5. Let h(k) be the second derivative of k**4/12 + k**3/3 + 15*k**2/2 - 399*k. List the prime factors of h(c).
2, 5
Suppose w = -3*f, 0 = -0*f + 2*f - 3*w. Let v be 2 + -3 + (4 - f). Suppose -v*q + i = -752, 742 = 3*q + 5*i - i. What are the prime factors of q?
2, 5
Suppose -6*u + 429 - 87 = 0. Suppose -18*f = -15*f - u. Let m = f - -46. What are the prime factors of m?
5, 13
List the prime factors of (-120)/(-80) + 28965/2.
2, 3, 17, 71
Suppose -3*k = 0, -2*i + 3*k - 2 = -6. Let y(x) be the first derivative of 15*x**4/2 - 2*x**3/3 - x + 217. List the prime factors of y(i).
3, 7, 11
Let d(k) = -k**2 - k + 131. Let l be d(0). Suppose -4*p = l + 365. What are the prime factors of p/2*(-11 + 10)?
2, 31
Let n(z) = 34*z + 1. Let l(b) = 69*b - 3. Let g(i) = 69*i - 2. Let k(j) = 5*g(j) - 4*l(j). Let d(q) = -4*k(q) + 9*n(q). List the prime factors of d(3).
7, 13
Let s(h) = -h - 72. Let c be s(18). List the prime factors of (65 + -58)/((-1)/c).
2, 3, 5, 7
Suppose 0*i - i + 15 = -5*a, -2*a - 5*i + 21 = 0. Let q(z) = -52 - 28*z - 57 + 106. What are the prime factors of q(a)?
53
List the prime factors of (-838*3)/((-14 - -32) + -20).
3, 419
Let u(f) = -16*f**3 + 4*f**2 + 7*f + 1. Let a(m) = -m**3 - 1. Let g(q) = -3*a(q) + u(q). List the prime factors of g(-3).
2, 5, 37
Suppose 0 = 15*s - 12*s - 15. Suppose -j + b - 4*b = -77, 3*j - s*b - 259 = 0. List the prime factors of -1*3 + -11 + j.
3, 23
Let h(z) = 31*z**2 + 9*z - 3. Let r be h(8). Let y = r - 588. List the prime factors of y.
5, 293
Let o = 60 - 49. Suppose 6*b - 10 = o*b. List the prime factors of -1 + -1 - b - (-55 - 3).
2, 29
Let r = 35 - 32. Let t(y) = -9*y - 877 + 10*y**2 + 872 - 3*y**3 + 4*y**r. What are the prime factors of t(-10)?
5, 17
Let d = -118 + 118. Suppose d = 5*s + 354 - 1059. List the prime factors of s.
3, 47
Suppose -3*a = f - 3, -4*a - 2*f + 12 = 2*f. Suppose 4*b + 2*z - 446 = a, z + 130 = b + 11. What are the prime factors of b?
2, 3, 19
Let z(u) = -137*u - 1615. List the prime factors of z(-18).
23, 37
Suppose -71*o + 269*o = 6486544 + 5887862. What are the prime factors of o?
62497
Let m be (-33)/(-21) + 24/(-42). Let a(v) = 95*v + 39*v + 43*v. List the prime factors of a(m).
3, 59
Suppose 51*q = 47*q - 48. Let a(h) = -2*h**3 - 6*h**2 - 3*h + 21. Let x be a(q). List the prime factors of 4/10 + (x/(-15))/(-1).
3, 59
Let p(f) = 3*f**2 - 34*f + 9. Let b(l) = -2*l**2 + 35*l - 9. Let a(s) = 4*b(s) + 3*p(s). What are the prime factors of a(10)?
3, 157
Let b(k) = 9528*k - 145. List the prime factors of b(1).
11, 853
Let k be (-4)/(-4 - -20)*0. Suppose -2*q + 426 = 2*j, -j - 2*q - 26 + 243 = k. What are the prime factors of j?
11, 19
What are the prime factors of (47/2 - 8)*(-1 + 275)?
31, 137
Let m(x) = 58*x**2 + 13*x - 33. Suppose -1 = -a + l, -2*l + 19 = -6*a + 11*a. What are the prime factors of m(a)?
2, 3, 11
Let n(o) = -3*o**3 + 107*o**2 + 27*o - 14. What are the prime factors of n(11)?
3, 3079
Let q = 1574 + -802. Let a = q + -365. Suppose -2*u - 5*c + 281 = 0, -5*u - 5*c + 333 = -a. List the prime factors of u.
3, 17
Suppose x = 1 + 5. Suppose -28 = -x*i - i. Suppose 0 = h + 2*f - 27, -3*h = -h - i*f - 22. List the prime factors of h.
19
What are the prime factors of ((-27)/((-27)/63776))/2?
2, 1993
Suppose -67 = -4*w + 3*u - 262, 0 = w - 3*u + 51. Let m = w - -155. What are the prime factors of m?
107
What are the prime factors of 48/72*-3 + (-10099)/(-1)?
23, 439
Suppose -3*q - 949 = 506. Let i = 1245 + q. List the prime factors of i.
2, 5, 19
Let o be 58/10 + 6 + 174/(-30). Suppose 0 = 3*x - 18 + o. Suppose -788 = -4*r + 4*y, x*r = 2*y - 3*y + 768. What are the prime factors of r?
193
Let d(a) = 9432*a - 1537. List the prime factors of d(1).
5, 1579
Let c(h) = -h**3 - 7*h**2 - 7*h + 2. Let l(d) = d - 4. Let u be l(-2). Let n be c(u). What are the prime factors of -3*3*-13 + (n - 6)?
7, 17
Let n(w) = 3*w**2 - 3*w + 2. Let k(s) = 3*s**2 + 3*s - 6. Let y be k(-4). Let v be (-12)/(-9)*y/5. List the prime factors of n(v).
2, 5, 17
Let k(j) = j**3 - 5*j**2 - 2*j + 1513. Let t be k(0). Let r = 2331 - t. List the prime factors of r.
2, 409
List the prime factors of (69084/(-2280))/((-1)/10).
3, 101
What are the prime factors of (3/(-4))/(156/104) - (-216355)/10?
5, 4327
List the prime factors of (-1614)/5*17670/(-342).
2, 31, 269
Let y = -9415 + 23016. List the prime factors of y.
7, 29, 67
Suppose -20*u = 18*u + 76. List the prime factors of ((-4)/(-12))/(u/(-132)).
2, 11
Suppose -9 = 3*d, -3*h + d = -0*d + 36. Let p = h - -13. Suppose p*q + 190 = 2*q. What are the prime factors of q?
5, 19
List the prime factors of 750188/60 - (-50)/(-375).
12503
Suppose 0 = 109*j - 124*j + 7830. Let b = -121 + j. What are the prime factors of b?
401
Let d(q) = -284*q - 1761. List the prime factors of d(-52).
13007
Suppose -2*i + 3377 - 724 = -3*s, 9 = -3*s. List the prime factors of i.
2, 661
List the prime factors of (31758 - -2)*(-51)/(-102).
2, 5, 397
Let l = 100 + -42. Let r = 58 - l. Suppose r = -3*f + f + 66. What are the prime factors of f?
3, 11
Let x(g) = -56*g - 10. Let f(z) = -z**2 + 3*z + 12. Let r be f(6). What are the prime factors of x(r)?
2, 163
Suppose 0 = -424*h + 407*h + 247554. What are the prime factors of h?
2, 3, 809
Suppose 1 = 4*d + 1. Suppose -3*k + 3*j + 220 + 41 = d, -4*k - j + 338 = 0. Let f = 214 - k. List the prime factors of f.
3, 43
Suppose 5*t + 4*l - 36 = -0*l, -3*l = 4*t - 28. What are the prime factors of (-8)/2*(0 + (-258)/t)?
2, 3, 43
Suppose -17*p - 12547 = -3*b - 13*p, 2*p = -2*b + 8346. List the prime factors of b.
4177
Let d be (-10 - -18) + -11 + -1 + 10. Let n(f) = -f**3 - 3*f**2 + 3*f. Let i be n(-3). Let b = d - i. List the prime factors of b.
3, 5
Let a be (80058/18)/(5/15). Suppose 0 = 11*x - 253 - a. List the prime factors of x.
2, 3, 103
Suppose 31*x - 16028 = -4589. Let k = x + 110. What are the prime factors of k?
479
Let t = 22137 + -19146. List the prime factors of t.
3, 997
Let c be (-514 - -15)*(-2)/1. Suppose -4*l - c = -12*b + 10*b, 2008 = 4*b + 4*l. List the prime factors of b.
3, 167
Suppose -37*k = -20*k - 20*k + 87501. List the prime factors of k.
29167
Let m be -3 + 3 + -2 + (-13 - 0). Let j = -87 - m. Let o = j - -120. What are the prime factors of o?
2, 3
Let t(y) be the second derivative of y**4/2 + 3*y**3/2 + 14*y**2 + 7*y + 7. Suppose -o + i = 2, 18 + 2 = -5*i. List the prime factors of t(o).
2, 5, 19
Suppose -2*u + 16 = -p, -7 = -3*p + 2*u - 7*u. What are the prime factors of (p + -6)/((-20)/(-12) - 2)?
2, 3
Let w be 3/9 + 46*(-3)/9. Let v be ((-129)/w + 1)/(4/220). Suppose -3*s + v - 40 = -4*x, 2*x = s - 162. What are the prime factors of s?
2, 41
Suppose 73 = 2*v - d, -36 - 14 = -v + 5*d. Suppose -3*c = v + 142. Let p = 198 + c. What are the prime factors of p?
139
Let y = 2317 + -2094. What are the prime factors of y?
223
Suppose 13*b = 15*b - 3*u - 1050, 5*b + 5*u - 2600 = 0. Suppose -3*g = -2*t + 557, -5*g = 2*t - g - b. What are the prime factors of t?
271
Let y(g) = 3*g + 20. Let q = -49 - -43. Let p be y(q). What are the prime factors of p/(-4)*(-112 - (-12)/(-6))?
3, 19
Suppose 149*h = 154*h + n - 32874, 4*h = -3*n + 26297. List 